{"id":4253,"date":"2023-09-27T09:05:37","date_gmt":"2023-09-27T12:05:37","guid":{"rendered":"https:\/\/extension.uncoma.edu.ar\/?post_type=paginas&#038;p=4253"},"modified":"2023-09-27T10:32:12","modified_gmt":"2023-09-27T13:32:12","slug":"zapala","status":"publish","type":"paginas","link":"https:\/\/extension.uncoma.edu.ar\/index.php\/paginas\/zapala","title":{"rendered":"Zapala"},"content":{"rendered":"<p><strong>Tecnopami<\/strong><br \/>\nCurso que apunta a desarrollar las capacidades digitales entre las personas mayores<\/p>\n<p>D\u00eda: MARTES Y VIERNES<br \/>\nHorario: de 17.00 a 18.30<br \/>\nDuraci\u00f3n desde 25\/09\/2023 hasta 02\/12\/2023<br \/>\nInscripci\u00f3n abierta hasta: 30\/10\/2023<br \/>\nModalidad: Presencial<br \/>\n<a href=\"https:\/\/www.pami.org.ar\/talleresycursos\/detalle\/88419\">Informaci\u00f3n e inscripciones<\/a><\/p>\n<p>&nbsp;<\/p>\n<p><strong>Teor\u00eda y t\u00e9cnica sobre fotograf\u00eda<\/strong><br \/>\nCurso b\u00e1sico Integral, creaci\u00f3n fotogr\u00e1fica, t\u00e9cnica y lenguaje fotogr\u00e1fico<\/p>\n<p>D\u00eda: LUNES Y MI\u00c9RCOLES<br \/>\nHorario: de 16.00 a 17.30<br \/>\nDuraci\u00f3n desde 25\/09\/2023 hasta 30\/11\/2023<br \/>\nInscripci\u00f3n abierta hasta: 30\/10\/2023<br \/>\nModalidad: Presencial<br \/>\n<a href=\"https:\/\/www.pami.org.ar\/talleresycursos\/detalle\/8818\">Informaci\u00f3n e inscripciones<\/a><\/p>\n","protected":false},"author":9,"featured_media":0,"parent":0,"template":"","categorias_paginas":[128],"class_list":["post-4253","paginas","type-paginas","status-publish","hentry","categorias_paginas-upami"],"acf":[],"_links":{"self":[{"href":"https:\/\/extension.uncoma.edu.ar\/index.php\/wp-json\/wp\/v2\/paginas\/4253","targetHints":{"allow":["GET"]}}],"collection":[{"href":"https:\/\/extension.uncoma.edu.ar\/index.php\/wp-json\/wp\/v2\/paginas"}],"about":[{"href":"https:\/\/extension.uncoma.edu.ar\/index.php\/wp-json\/wp\/v2\/types\/paginas"}],"author":[{"embeddable":true,"href":"https:\/\/extension.uncoma.edu.ar\/index.php\/wp-json\/wp\/v2\/users\/9"}],"wp:attachment":[{"href":"https:\/\/extension.uncoma.edu.ar\/index.php\/wp-json\/wp\/v2\/media?parent=4253"}],"wp:term":[{"taxonomy":"categorias_paginas","embeddable":true,"href":"https:\/\/extension.uncoma.edu.ar\/index.php\/wp-json\/wp\/v2\/categorias_paginas?post=4253"}],"curies":[{"name":"wp","href":"https:\/\/api.w.org\/{rel}","templated":true}]}}

<p><strong>Tecnopami</strong><br />
Curso que apunta a desarrollar las capacidades digitales entre las personas mayores</p>
<p>Día: MARTES Y VIERNES<br />
Horario: de 17.00 a 18.30<br />
Duración desde 25/09/2023 hasta 02/12/2023<br />
Inscripción abierta hasta: 30/10/2023<br />
Modalidad: Presencial<br />
<a href="https://www.pami.org.ar/talleresycursos/detalle/88419">Información e inscripciones</a></p>
<p>&nbsp;</p>
<p><strong>Teoría y técnica sobre fotografía</strong><br />
Curso básico Integral, creación fotográfica, técnica y lenguaje fotográfico</p>
<p>Día: LUNES Y MIÉRCOLES<br />
Horario: de 16.00 a 17.30<br />
Duración desde 25/09/2023 hasta 30/11/2023<br />
Inscripción abierta hasta: 30/10/2023<br />
Modalidad: Presencial<br />
<a href="https://www.pami.org.ar/talleresycursos/detalle/8818">Información e inscripciones</a></p>
